mainder when 746223 is divided by 746184?
39
What is the remainder when 2084474 is divided by 1469?
1432
Calculate the remainder when 1461573 is divided by 76915.
188
Calculate the remainder when 5630769 is divided by 312820.
9
What is the remainder when 40461135 is divided by 41?
39
What is the remainder when 13300498 is divided by 150?
148
What is the remainder when 12078823 is divided by 3993?
3991
What is the remainder when 550006 is divided by 91632?
214
Calculate the remainder when 42896487 is divided by 62.
51
What is the remainder when 163698 is divided by 14438?
4880
Calculate the remainder when 246982 is divided by 92.
54
Calculate the remainder when 856401 is divided by 214067.
133
What is the remainder when 50497483 is divided by 3140?
3
What is the remainder when 4511690 is divided by 2881?
44
Calculate the remainder when 24470 is divided by 1056.
182
Calculate the remainder when 1602147 is divided by 76.
67
Calculate the remainder when 12611961 is divided by 1801707.
12
What is the remainder when 51726 is divided by 25823?
80
Calculate the remainder when 48218230 is divided by 3013639.
6
What is the remainder when 4292093 is divided by 332?
329
What is the remainder when 1203696 is divided by 601840?
16
Calculate the remainder when 196112 is divided by 62.
6
Calculate the remainder when 129632 is divided by 10784.
224
Calculate the remainder when 3273877 is divided by 2197.
347
What is the remainder when 83236 is divided by 6245?
2051
What is the remainder when 145822 is divided by 7766?
6034
Calculate the remainder when 7027046 is divided by 233.
232
Calculate the remainder when 3670966 is divided by 917660.
326
Calculate the remainder when 135534254 is divided by 13.
11
Calculate the remainder when 405605738 is divided by 127.
123
Calculate the remainder when 6515084 is divided by 2171693.
5
What is the remainder when 17743 is divided by 2620?
2023
What is the remainder when 11275723 is divided by 58?
1
Calculate the remainder when 34714 is divided by 1402.
1066
Calculate the remainder when 50734 is divided by 591.
499
What is the remainder when 302015 is divided by 75492?
47
What is the remainder when 2596223 is divided by 19?
6
What is the remainder when 11671364 is divided by 801?
794
What is the remainder when 19746360 is divided by 94?
62
What is the remainder when 872610 is divided by 5896?
2
What is the remainder when 134807 is divided by 2289?
2045
Calculate the remainder when 7908672 is divided by 1318104.
48
What is the remainder when 701832 is divided by 3220?
3092
Calculate the remainder when 2970941 is divided by 103.
9
What is the remainder when 6761140 is divided by 15?
10
What is the remainder when 330601 is divided by 53?
40
What is the remainder when 8019964 is divided by 89?
85
What is the remainder when 7894858 is divided by 2631613?
19
Calculate the remainder when 36955 is divided by 40.
35
What is the remainder when 791410089 is divided by 4708?
4705
Calculate the remainder when 47039 is divided by 1022.
27
Calculate the remainder when 430872 is divided by 215432.
8
Calculate the remainder when 27483 is divided by 603.
348
Calculate the remainder when 198745 is divided by 32869.
1531
What is the remainder when 158096 is divided by 7899?
116
What is the remainder when 12118891 is divided by 308?
15
What is the remainder when 1206481 is divided by 1829?
1170
What is the remainder when 857462 is divided by 185?
172
What is the remainder when 666424 is divided by 477?
55
Calculate the remainder when 28224 is divided by 8683.
2175
Calculate the remainder when 1095363 is divided by 78240.
3
What is the remainder when 179760 is divided by 219?
180
What is the remainder when 13056600 is divided by 4352200?
0
What is the remainder when 106134 is divided by 105600?
534
What is the remainder when 39053447 is divided by 63?
62
What is the remainder when 1886684 is divided by 34?
24
Calculate the remainder when 224643857 is divided by 5196.
5189
Calculate the remainder when 61138324 is divided by 39116.
16
Calculate the remainder when 2194032 is divided by 3849.
102
Calculate the remainder when 106427778 is divided by 9.
6
Calculate the remainder when 216702 is divided by 216372.
330
What is the remainder when 22243178 is divided by 734?
42
Calculate the remainder when 1808925 is divided by 3246.
903
Calculate the remainder when 22737912 is divided by 210536.
24
Calculate the remainder when 24247267 is divided by 239.
0
What is the remainder when 43784968 is divided by 21892481?
6
What is the remainder when 11017318 is divided by 2754324?
22
What is the remainder when 239343757 is divided by 1520?
1517
Calculate the remainder when 300874511 is divided by 4866.
4865
Calculate the remainder when 90359 is divided by 717.
17
What is the remainder when 22444 is divided by 22427?
17
What is the remainder when 1411829 is divided by 1255?
1209
Calculate the remainder when 1393198 is divided by 225.
223
What is the remainder when 1220727 is divided by 143?
79
Calculate the remainder when 135321 is divided by 2.
1
What is the remainder when 13530384 is divided by 6765110?
164
Calculate the remainder when 19929176 is divided by 20.
16
Calculate the remainder when 55572 is divided by 747.
294
What is the remainder when 2050155 is divided by 62123?
96
Calculate the remainder when 35861 is divided by 496.
149
Calculate the remainder when 34460 is divided by 15450.
3560
What is the remainder when 23594 is divided by 252?
158
Calculate the remainder when 16871494 is divided by 8.
6
Calculate the remainder when 4198389 is divided by 93297.
24
What is the remainder when 92216695 is divided by 11?
10
Calculate the remainder when 27262098 is divided by 20.
18
Calculate the remainder when 67997 is divided by 1887.
65
Calculate the remainder when 9927218 is divided by 275.
268
Calculate the remainder when 80154 is divided by 4127.
1741
What is the remainder when 7215 is divided by 2476?
2263
Calculate the remainder when 78280 is divided by 19569.
4
What is the remainder when 1798245 is divided by 248?
245
Calculate the remainder when 543297 is divided by 15979.
11
What is the remainder when 3747817 is divided by 55937?
38
What is the remainder when 364207 is divided by 4387?
86
What is the remainder when 47223 is divided by 3620?
163
Calculate the remainder when 2459033 is divided by 583.
522
What is the remainder when 187602078 is divided by 2480?
2478
What is the remainder when 1933222 is divided by 37?
9
Calculate the remainder when 41447698 is divided by 1505.
1503
Calculate the remainder when 6957414 is divided by 488.
486
Calculate the remainder when 49508938 is divided by 72.
10
What is the remainder when 17177459 is divided by 804?
803
What is the remainder when 7885626 is divided by 292056?
114
Calculate the remainder when 65586718 is divided by 16396677.
10
Calculate the remainder when 10129862 is divided by 61.
19
Calculate the remainder when 437927 is divided by 377.
230
What is the remainder when 9339352 is divided by 518849?
70
Calculate the remainder when 15139913 is divided by 1585.
1578
What is the remainder when 107572 is divided by 35014?
2530
What is the remainder when 864030 is divided by 432000?
30
What is the remainder when 2876849 is divided by 261531?
8
What is the remainder when 28596641 is divided by 28596631?
10
What is the remainder when 80530682 is divided by 55158?
2
What is the remainder when 255156 is divided by 1474?
154
Calculate the remainder when 68764 is divided by 107.
70
What is the remainder when 6880413 is divided by 446?
417
What is the remainder when 42734984 is divided by 3?
2
What is the remainder when 5778107 is divided by 526?
523
What is the remainder when 10124306 is divided by 271?
17
Calculate the remainder when 9571 is divided by 4170.
1231
What is the remainder when 13847694 is divided by 923175?
69
Calculate the remainder when 7441480 is divided by 2480491.
7
Calculate the remainder when 40890218 is divided by 98.
12
Calculate the remainder when 129348 is divided by 63267.
2814
Calculate the remainder when 89281 is divided by 3087.
2845
Calculate the remainder when 487715 is divided by 57.
23
Calculate the remainder when 669470 is divided by 2480.
2350
What is the remainder when 73